te 25 - (3 + 21 + (0 - (14 + 1))).
16
What is the value of -58 + 117 + 72 + -182?
-51
25 - -6 - 71 - -37 - -14
11
What is 34 - (9 + -26) - 36 - (7 - -129)?
-121
Calculate -1 + (3 - 5) - -10 - (6 + 1) - -22.
22
Calculate -160 - (-207 + (-128 - -256)).
-81
What is the value of (13 - 51 - -10) + 21 + -15?
-22
What is -146 - (21 + 66 - 147)?
-86
Calculate -19 + (-25 - -34 - -15) + 52.
57
Calculate 11793 + -11837 - (0 + 2 - 0 - -11).
-57
What is ((32 - 71) + -2 - -46) + -133?
-128
What is -16 + (10 + -10 - 0)?
-16
Evaluate 13 - (58 + -25 + 1) - (-10 + 2).
-13
What is the value of -47 + -12 + 27 - (-26 + 28 - (-6 - 1))?
-41
What is the value of 0 - -2 - (-14 - (-155 - (-20 - -9 - 7)))?
-121
11 - (82 - (6 - -45))
-20
Evaluate 15 + 57 + -72 - (-4 - -4 - (0 - 33)).
-33
What is the value of (-1 + -17 + 24 + -12 - 12) + -8?
-26
What is 45 + -39 + 32 + (-10 - (11 - (15 + -4)))?
28
What is the value of (-65 - (-18 + -8)) + 47 - 5?
3
What is the value of 18 - (26 - 17 - (14 + -7)) - -11?
27
What is 12 - 8 - (5 - 3) - (4 + 61)?
-63
What is the value of 34 + -31 + 7 + -3 + 2 - (65 + 1)?
-57
(13 - (-2 + 14 - -55)) + 9 - -10
-35
Evaluate (15 - (2 - -18)) + (-83 - -75) + 1 + -25.
-37
Calculate 20 - (14 + -52 - -19) - (9 - (5 - 8)).
27
What is the value of -61 - (91 + (123 - 205))?
-70
What is the value of (26 + -38 + -15 - -90) + (16 - 1)?
78
What is (118 - 51 - 208) + 15?
-126
What is the value of 16 + (-72 - (14 - (38 + -20)) - 9)?
-61
What is the value of -24 + -29 + 61 + -33?
-25
-10 + 17 + -2 + 2 + 72 + -77
2
What is the value of 127 - 80 - 24 - -63?
86
What is -7 - 1 - (14 + -34 - 53)?
65
What is the value of 6 - (6 + -2) - (-82 + (-17 - (-24 - 4)))?
73
What is the value of 191 + -63 + -19 + 12?
121
Evaluate -98 - (0 + (20 - -25) + -11).
-132
Evaluate (-3 + 1 - 76) + (615 - 587).
-50
(-14 - 0) + 0 + 13 - (3 - 15)
11
What is 998 - 960 - (-30 + -4)?
72
Evaluate -8 - (40 + -1 + (3 - -7 - 13)).
-44
Calculate -4 + -11 - (-64 - (-78 - 13)).
-42
Calculate 1022 - 1007 - ((1 - -52) + -4).
-34
Evaluate (-2 + -62 - (-1478 - -1472)) + 1 + -25.
-82
What is -91 - (-67 - 76 - -54)?
-2
Calculate (-58 - (-45 + -62 + 51)) + 0 + -42.
-44
What is -5 + (1 - 16) - -11 - 2?
-11
Evaluate -48 + -67 + 104 - (2 - (-2 + 1 + -73)).
-87
Evaluate -14 - ((2817 - 2790) + (-18 - (2 - 3))).
-24
Calculate 48 + -81 + 44 + 2 + 49 + (-7 - -3).
58
What is the value of -27 + 1 + 0 + 14 + -2 - -9?
-5
Evaluate 4 - -30 - 27 - ((48 - -1) + (-5 - -9)).
-46
5701 - 5706 - (1 + -18 + 0)
12
Calculate -20 - (10 - (15 + -8 - 20 - 51)).
-94
What is the value of 24 + (27 - 58 - -19) - -7?
19
8 + (10 - (-26 + 5))
39
Evaluate -9 + (33 - (4 - (-22 + 14))) - (0 - -7).
5
Evaluate 0 + -79 - -74 - (-1 + (-1 + -2 - 82)).
81
39 - ((2 - (0 + (8 - -5))) + 1 + 4)
45
Evaluate 7 + -11 - (-1 - -2) - (-20 + 7).
8
What is -10 - (-18 - (42 - ((17 - 7) + -21)))?
61
Evaluate -1 - (18 - (21 - -16)).
18
Evaluate 1 - 2 - ((27 - ((-22 - -14) + 11)) + 13).
-38
Evaluate (-1 - -2) + (-99 + 44 - (5 + -10 + 0)).
-49
(9 - (169 + -10 + -50)) + 35
-65
Evaluate -46 + 39 + (-3 + 12 - (8 - 4)).
-2
What is the value of -38 + (120 - 59) + -53?
-30
What is 84 + -111 + 85 + -110?
-52
What is (1 - (0 + -60)) + (-28 - -104 - (46 - -27))?
64
Evaluate -51 + (127 - 84) + 20.
12
Calculate -38 + (0 - 20) + 40.
-18
Calculate ((2 - -59) + 1 - (-283 - -283)) + (-10 - -5).
57
Calculate 83 + -60 + (-60 - 7 - -6).
-38
Evaluate 19 - -6 - (4 + -8 - -6 - 12).
35
What is 9 + (39 - 102) - ((-9 - (1 - 2)) + -2)?
-44
Evaluate -69 + 49 + 39 + (-4 - -96).
111
What is the value of -30 + (-16 - 7) - (3 - (-10 + 19 + -5))?
-52
What is the value of 3 + 3 + (-2 - -2) + -5 - (285 + -215)?
-69
What is the value of 138 + -147 + 8 + 95 + -10 + 8?
92
Calculate -730 + 735 - (-38 - -6 - -2).
35
What is 26 + 1 - (-144 + 261 - 89)?
-1
Evaluate -906 + 936 + (2 - 4) + -19.
9
What is the value of (13 - (-9 + (30 - -15))) + 53?
30
-70 + 41 + 22 - (5 - (6 + (-4 - -2)))
-8
What is the value of 20 - ((2 + 5 - (-4 + 11)) + 14)?
6
8 + -15 + -9 + 3 + 2 - (-18 + -13)
20
Evaluate 20 + -27 + 13 + -92 + (-1 - 9) + 8.
-88
What is 1 + -4 - (21 - (-23 + 49 + -21))?
-19
Evaluate -10 + (81 - 33) + -1.
37
What is -318 + 62 + 304 - (-1 + 28)?
21
-19 - (7 - (-6 + -6 - -2 - (-2 - 3)))
-31
116 + -25 + (-26 - -25) + (-4 - (1 + -1))
86
What is the value of 470 - 420 - (-4 + 0 + (5 - 7) + 8)?
48
Evaluate (-10 - (35 + -34)) + (-6 - 2).
-19
Calculate -82 + (77 - -80) - 86.
-11
Evaluate 3 + 1 - (4 - -2) - (-4 + 8 + 9).
-15
Calculate 6 - (13 - -13 - (13 + -34)).
-41
Calculate 19 + (-29 - 25) - -86.
51
What is the value of (41 + 5 - (59 - 51)) + 18?
56
Calculate (11 + (-17 - 11) - -12) + -13 + 10.
-8
4 + -4 + (64 - 101)
-37
What is the value of -11 - (7 + -9 + (-10 - -16))?
-15
-39 + (-26 - -135) + -1 + -15
54
Evaluate (41 - (7 - -8)) + -22 + 21.
25
What is (-373 - -327) + (4 - 3)?
-45
What is (-5 - (-4 - 5) - -9) + (-16 - -34)?
31
-4 - (0 - -39 - 66)
23
Evaluate -3 - (23 - 28) - -18 - 5.
15
What is -2 + -2 - (1 - 5 - -1) - (466 + -499)?
32
Evaluate ((48 - 34) + -1 - (1 - 4)) + -9.
7
What is 8 - (-15 - ((6 - (22 + -9)) + 19 + 85))?
120
What is the value of 172 + -84 + -230 - -29?
-113
What is the value of 15 - (46 + -129) - 90?
8
Calculate 28 + -11 + -8 + -9 + -3 + 2.
-1
What is (-16 - (16 + 15 + -11)) + 30?
-6
What is (2 - -14 - (-39 + 124)) + (5 - -12)?
-52
Calculate -64 + (90 - 58) - -23.
-9
Calculate (-4 - (13 - ((-19 - -10) + 38))) + 61.
73
What is -1508 - -1460 - (-1 - (148 + 3))?
104
What is the value of (-8 - 1) + (50 + (-29 - -12 - -6) - 10)?
20
What is (-29 + 60 - 10) + 0 - 107?
-86
What is the value of 38 + 4 - (12 + -13 - 18)?
61
(23 - 2) + (-75 - (10 - 63))
-1
Calculate 14 - 3 - ((1 - (0 - 51)) + (-5103 - -5113)).
-51
-7 - (7 + (-80 - (7 - (20 - 10))))
63
What is -43 + (-36 - (2 + -31)) - -20?
-30
What is the value of 37 + (52 - 39 - 67)?
-17
Evaluate 44 + 3 + 35 + -30.
52
Calculate -15 - (-82 + -65 - -63).
69
What is the value of -1 + -7 - (9 + 2 + -10 + -42)?
33
What is (-91 + 90 + (-1 - -2) - -8) + 38?
46
Evaluate (-17 - (26 - (65 - 5))) + -25 - (2 + -1).
-9
-11 + -66 - (-36 + 28 + -15)
-54
Evaluate 9 - 10 - (-7 + (-13 - -21 - 15)).
13
(0 - 54) + -77 + 105
-26
Calculate 5 + (-41 + (-52 - -98) - (1 + 1 + 17)).
-9
Calculate (-62 + -1 - (-134 - -145)) + (1 - 8) + 17.
-64
Calculate (-21 - -32 - 8) + -11 + -32.
-40
Evaluate -66 - -50 - 26 - 8.
-50
Calculate (-56 - 5) + (0 + 27 - (-1449 - -1454)).
-39
What is the value of 118 - (33 + -105 + 299)?
-109
What is -3 + 77 + -387 + 397?
84
Calculate 34 + 11 + -75 + 9.
-21
Calculate 35 - (-19 + (26 - (-13 + 7))).
22
Evaluate (60 - (-16 + 63)) + (-13 - 0) + 30.
30
What is the value of (3 + 1 - (-190 - -201)) + -51 - 1?
-59
8 - 10 - ((3 - (-9 - -12)) + 0) - -35
33
What is -81 - (-2 - -2) - (45509 - 45474)?
-116
What is the value of 9 - 2 - 18 - (-12 + 11 + 117)?
-127
What is the value of -100 + (32 - 6) + (16 + -8 - -2)?
-64
Evaluate 8 + (-6 - (-7 + 3)) - (-11 + 36).
-19
What is the value of (155 - (-77 + 230)) + 2 + 28?
32
Evaluate -11 - (-11 + 2) - 14 - 3.
-19
Evaluate (241 - (127 + 133)) + (65 - 1).
45
Calculate 2 + 5 + -15 + 0 - (55 + 3 + -1).
-65
Calculate (-12 - (-44 - -34)) + -43.
-45
Evaluate 37 + (-3 - 40 - -33).
27
What is the value of -34 - -21 - (-167 + 163)?
-9
-14 - (-3 + -5 + 14 + -10 + (16 - 5))
-21
What is (35 - (35 + 1)) + 7?
6
(-120 - (-12 + -15)) + 135
42
Calculate -6 + (-131 - -144) + (2 - 14) - (3 - 76).
68
What is -92 + 93 + (4 + 6 - 3) + -49 + -14?
-55
What is (0 - 6) + 7 + (-5 + (4 - -3) - 14)?
-11
Calculate (441 - 562) + -15 + 119.
-17
Calculate (-31 - -1) + (-1111 - -1125) + 73.
57
Evaluate (2 - 2 - (15 + -14)) + -4 + -35.
-40
Evaluate -74 + (27 - 30) + 50.
-27
Calculate 12 + (27 - 11) - 27.
1
Calculate (-12 + 27 + -20 - (-6 - -9)) + (0 - -41).
33
What is the value of 135 + -155 + 85 - 183?
-118
Calculate -35 + (-22 - -37) + -13 + 28.
-5
Evaluate 256 + -264 - (3 + (1 - 46) + -2).
36
Evaluate (-1 - -14) + (25 - -34) - (-1 + -13).
86
What is ((-385 - -390) + -1 + 15 - 92) + -3?
-76
What is the value of -18 + (-7 - -8) + -21 + 44?
6
What is the value of 9 + ((1 - 27) + (-17 - -30 - 8) - -5)?
-7
(0 - 8) + (3 - 19 - (25 + -18 + 5))
-36
Calculate -296 - -286 - (3 - -1 - -3).
-17
What is 149 - 152 - (0 + 4 + -13)?
6
(-2 - -39) + (-172 - -